+ 27d2?
2777
In base 16, what is 2 - c23dfd?
-c23dfb
In base 9, what is 364420 - 71?
364338
In base 13, what is -b40166c + 9?
-b401663
In base 5, what is 1 - 1021320310303?
-1021320310302
In base 12, what is 195 - 5526?
-5351
In base 4, what is -311103 + 12113121?
11202012
In base 11, what is 12758021 + 47?
12758068
In base 8, what is -150264 + 1215?
-147047
In base 13, what is 93608 + 1927?
95232
In base 15, what is -11 + 7a9bad?
7a9b9c
In base 4, what is 233021033332 + 1?
233021033333
In base 12, what is -1129 + -16a65?
-17b92
In base 16, what is e066 - a3?
dfc3
In base 16, what is 1439 + 183?
15bc
In base 11, what is -234813025 - 1?
-234813026
In base 12, what is 3 - -860191?
860194
In base 13, what is 8 - 3690b38?
-3690b30
In base 12, what is -22a - -3b590?
3b362
In base 10, what is -367540 + 698?
-366842
In base 2, what is -10010010111101011111 - -1010?
-10010010111101010101
In base 15, what is -b6c008 + -4?
-b6c00c
In base 11, what is 18 - -5766556?
5766573
In base 9, what is -60820 - 170?
-61100
In base 12, what is -5 - -1b8672?
1b8669
In base 2, what is -101000100 + -1010110111110111?
-1010111100111011
In base 13, what is -1252 - -7240?
5cbb
In base 9, what is 1213 - 2001733?
-2000520
In base 5, what is -112330221411 - -4?
-112330221402
In base 12, what is a68 - 972a?
-8882
In base 11, what is -3 + -2981777?
-298177a
In base 10, what is 5255885 + -12?
5255873
In base 15, what is 327dd - -12b?
32919
In base 15, what is 106da946 - 3?
106da943
In base 4, what is -10 - 23202120130?
-23202120200
In base 5, what is 10 - 1113411312?
-1113411302
In base 2, what is -10001 + -101001000010001111011?
-101001000010010001100
In base 10, what is 5693688 - 5?
5693683
In base 6, what is 435414 - 410?
435004
In base 4, what is 1230101202 + 111201?
1230213003
In base 9, what is 113400204 + -1?
113400203
In base 7, what is 14450226 - 0?
14450226
In base 4, what is 11 - -13331312332?
13331313003
In base 10, what is -22679363 - 1?
-22679364
In base 9, what is 4468 + 6128?
11607
In base 3, what is 111021111110112020 - -1?
111021111110112021
In base 9, what is -1 - 21367072?
-21367073
In base 2, what is 11010 - -1000110001111110010101101?
1000110001111110011000111
In base 8, what is -5 + -1654402?
-1654407
In base 15, what is 21e58 + 3c?
21e95
In base 16, what is -fb2eab1 - 1?
-fb2eab2
In base 3, what is 1000102012001002 - 0?
1000102012001002
In base 4, what is 110020 - 200103?
-30023
In base 10, what is 711764 - -116?
711880
In base 5, what is -4 - -140104114010?
140104114001
In base 13, what is -110 - -a1175?
a1065
In base 13, what is 72 - 133277?
-133205
In base 6, what is -4 - -10254554413?
10254554405
In base 7, what is 641432 - -144?
641606
In base 13, what is 26 - 1aa3205?
-1aa31ac
In base 10, what is 11 + 22390294?
22390305
In base 7, what is 266642012 - -1?
266642013
In base 11, what is -4 + 58871268?
58871264
In base 8, what is 221703 - -1255?
223160
In base 11, what is 5 + 1098015?
109801a
In base 6, what is 2453420 + 110324?
3004144
In base 13, what is 58644a7 - -2?
58644a9
In base 11, what is -11 - -56a690?
56a67a
In base 11, what is 18600a + -963?
185157
In base 12, what is -3a8 - -9a759?
9a371
In base 7, what is -1211 + 11500362?
11466151
In base 3, what is -111220 - -201121122?
201002202
In base 9, what is -351345200 + -7?
-351345207
In base 12, what is -170 + 6579?
6409
In base 13, what is -2a5 + -93338?
-93610
In base 13, what is b888 - -4ba1?
13759
In base 7, what is 432 - -433334?
434066
In base 4, what is 1 + -102123032330?
-102123032323
In base 16, what is 283d8 - 114?
282c4
In base 3, what is -2 + -22102022212102112?
-22102022212102121
In base 4, what is -13 + 220022311000?
220022310321
In base 5, what is -4213030031310 + 10?
-4213030031300
In base 12, what is 10b65 - -28?
10b91
In base 16, what is 11112 - 4?
1110e
In base 3, what is 10201200202122020 + -10?
10201200202122010
In base 7, what is -5 - 443210?
-443215
In base 10, what is -20158 - -478?
-19680
In base 10, what is 9997 - -40?
10037
In base 8, what is -13644623 + -160?
-13645003
In base 6, what is -2112053 + -12054?
-2124151
In base 16, what is -5 - -23c6ba?
23c6b5
In base 11, what is 708284 + -34?
708250
In base 8, what is 5 + 20410773?
20411000
In base 13, what is 60002b + -3?
600028
In base 7, what is 160 - 22542423?
-22542233
In base 6, what is -1225425 + 433?
-1224552
In base 16, what is -5 + -e003d5b?
-e003d60
In base 9, what is -6317 - -32315?
24887
In base 3, what is 2 - 122212121010202?
-122212121010200
In base 11, what is 163 + -5a4476?
-5a4313
In base 13, what is 5 - a683c6?
-a683c1
In base 2, what is 101011010110001 + 1000010011010?
110011101001011
In base 13, what is -3 - 177471c?
-1774722
In base 11, what is 2a986 - -580?
30456
In base 10, what is -2389576 + 18?
-2389558
In base 15, what is 2 + 9620aa?
9620ac
In base 14, what is -908c + -756?
-9804
In base 16, what is 1 + -7eae01?
-7eae00
In base 13, what is -62b76 + b3?
-62a93
In base 12, what is -764 + -13520?
-14084
In base 13, what is -83 + 5631?
557b
In base 7, what is -3066620031 - -5?
-3066620023
In base 13, what is -70b - -812?
104
In base 7, what is 24556 - 40025?
-12136
In base 15, what is b5d - 24b9?
-185b
In base 9, what is 5 - 81640?
-81634
In base 10, what is 92493 + 18?
92511
In base 8, what is 2463 + 30655?
33340
In base 2, what is 1011011000000101000011001101 + 0?
1011011000000101000011001101
In base 9, what is -488563 - -26?
-488536
In base 11, what is -7 - 35362a4?
-3536300
In base 8, what is 10 - 4271330?
-4271320
In base 15, what is -3 - -72c5d?
72c5a
In base 10, what is -3678 + 2215?
-1463
In base 11, what is -14336454 - 2?
-14336456
In base 5, what is -140411202 + 21?
-140411131
In base 12, what is -2b3843 + -18?
-2b385b
In base 15, what is -719894 + -4?
-719898
In base 4, what is -233001212 + -10?
-233001222
In base 13, what is 28 - -6232a8?
623303
In base 9, what is -1 - 3880147?
-3880148
In base 5, what is 140 + -31203231?
-31203041
In base 14, what is 7428d + -366?
73d27
In base 7, what is -163 + -3225254?
-3225450
In base 13, what is 236 - -ca66?
cc9c
In base 3, what is 102021111020 + -122?
102021110121
In base 16, what is -39557614 - -3?
-39557611
In base 2, what is 1101010010110111000 - 1011111?
1101010010101011001
In base 2, what is -11100000101011 - -111110000?
-11011000111011
In base 4, what is 32010203203 + -1?
32010203202
In base 13, what is -23c - -4552b?
452bc
In base 15, what is 1 + 216927?
216928
In base 10, what is -1094 - 4309?
-5403
In base 11, what is -2580716 - 48?
-2580763
In base 2, what is -11 - -10100011001001011111100101?
10100011001001011111100010
In base 11, what is 4 + 46794916?
4679491a
In base 13, what is 3a9c5c2 + 3?
3a9c5c5
In base 6, what is -1423425050 + 5?
-1423425041
In base 4, what is -1133301322 - 10222?
-1133312210
In base 4, what is 211 - 1122231021?
-1122230210
In base 12, what is 785703 - 2?
785701
In base 13, what is 3 - -106794a?
1067950
In base 3, what is 2 - -12200021020202?
12200021020211
In base 8, what is -62175104 + -2?
-62175106
In base 10, what is -30177672 + -5?
-30177677
In base 9, what is -2150015 + 126?
-2148778
In base 7, what is -1141 + -341114?
-342255
In base 9, what is -42476 + 14632?
-26744
In base 15, what is -7b + 4e58?
4dcc
In base 15, what is 4 + 3abb377?
3abb37b
In base 8, what is -17 - -26420247?
26420230
In base 3, what is 22222021202 - 21?
22222021111
In base 5, what is 10 + 103010014?
103010024
In base 16, what is 3f56c3 - -48?
3f570b
In base 10, what is 56818 - -978?
57796
In base 10, what is 29 - -4711560?
4711589
In base 9, what is 63 - 1626211?
-1626137
In base 11, what is -1417 - 27a7?
-4113
In base 4, what is -1112230 + 102013111?
100300221
In base 16, what is 2c - eaab9?
-eaa8d
In base 14, what is 10 - 8d98ac?
-8d989c
In base 10, what is 17487292 - -5?
17487297
In base 8, what is 2426 + -206346?
-203720
In base 2, what is 1111 - -1011001110000001110111100?
1011001110000001111001011
In base 9, what is 132572 - -1521?
134203
In base 13, what is -4 + -46ab699?
-46ab6a0
In base 11, what is 5 + 196292?
196297
In base 16, what is -10 - 1a27a27?
-1a27a37
In base 8, what is 306 + 1656672?
1657200
In base 12, what is -54a2a2 + 2?
-54a2a0
In base 14, what is -16 + 185b7b1?
185b799
In base 15, what is -564e29 - -6?
-5